6713*a**2. Let u be (-1 + 44/16)*-4. What is s(u)?
-12
Suppose -39*x + 759 + 907 - 886 = 0. Let q(l) = -2*l - 42. Give q(x).
-82
Let s(h) = 11*h**2 - 2*h - 2. Let d = -4466 - -4465. Determine s(d).
11
Let u(b) = b - 6. Let s(p) = -14*p + 86. Let q(r) = -s(r) - 13*u(r). Calculate q(2).
-6
Let d(c) = -c**3 - 8*c**2 + 5*c + 9. Suppose -3*q + 197 = -499. Let k = -240 + q. Calculate d(k).
-31
Suppose -3*x + 3*z = 2*z - 2, z - 6 = -x. Suppose -4*l + x = -6. Let b(k) = 0 - l*k - 1 - 9. Give b(-8).
6
Let w be -3 - -1 - (-9 + 8). Let s be (7/14)/(w/(-10)). Let l(q) be the third derivative of q**6/120 - q**5/15 - 5*q**4/24 - 5*q**3/6 + 4*q**2. Give l(s).
-5
Suppose -41*o + 42*o + 5*l = -8, 0 = 3*o + 4*l - 42. Let f(z) = z**2 - 21*z + 31. What is f(o)?
53
Suppose 0*o - 4*u - 24 = -3*o, 3*o = 5*u + 21. Let f(b) = 3*b - 27. Let r be f(o). Let t(s) = -23*s**2 + r*s**2 + 1 + 12*s**2. Calculate t(-2).
-7
Let o(i) = 4*i - 15. Let a(q) = 4*q**2 + 59*q - 4. Let t be a(-12). Let h = -130 - t. Calculate o(h).
9
Let a(b) = -b**2 + 49*b + 463. Let o be a(57). Let j(m) = m**3 - 8*m**2 + 14*m. What is j(o)?
49
Let g be 159/(-10) + -1 - 1/10. Let p = g - -20. Let v(a) be the first derivative of -a**3/3 + a**2/2 + 2. Calculate v(p).
-6
Let t(o) = 11*o - 3. Let l be t(5). Let c(j) = -50*j + 106*j - l*j - 3. Calculate c(3).
9
Let v(j) = -48*j**2 + 98*j - 23. Let u(k) = -17*k**2 + 34*k - 8. Let c(a) = -17*u(a) + 6*v(a). Suppose 2*t = 4*t + 3*s + 4, 4*t + s + 28 = 0. Determine c(t).
-18
Suppose -8*t + 18 = -2*n, -3*t + 88 = 4*n + 67. Let f(j) be the first derivative of 2/3*j**t + 3*j + 5/2*j**2 + 26. Calculate f(-3).
6
Let v = -286 - -288. Let f(z) = -z**3 - 5 + 3*z**v - 2 - z**2 + 2*z**3 + 6. Give f(-2).
-1
Let j = 6 - 4. Let u(m) = m**2 - m**2 + 5*m**2 + 5*m - 4*m**j + 2. Suppose 0 = 3*k - 22*r + 24*r + 13, -4*k - 2 = -5*r. What is u(k)?
-4
Let r(c) = c**3 + 117*c**2 - 239*c - 108. Let w be r(-119). Let u(b) = -b**3 + 12*b**2 + b - 130. Calculate u(w).
2
Let b(t) = -2*t**2 + 38*t - 8. Let d be 392/20 + 57/(-95). What is b(d)?
-8
Let b(o) = -17*o + 24. Let z = -10996 + 11002. Determine b(z).
-78
Let w(r) = r - 2. Let g be w(0). Let d(u) = 2*u - 14. Let q(z) = 2*z - 12. Let o(y) = 2*d(y) - 3*q(y). Let l(n) = -n + 7. Let h(i) = 6*l(i) - 5*o(i). Give h(g).
-6
Suppose 3*v - 15 = 0, -2*l + 1 = -l - 2*v. Let u(h) be the first derivative of h**4/4 - 11*h**3/3 - h**2 + h + 63. Calculate u(l).
-21
Let h be 3 + -1 + 5 + -1. Let c(b) = -3*b + 0*b**3 + b**3 + 9*b**2 + 2*b + h - 15. What is c(-9)?
0
Suppose -2*m + 6 + 11 = -f, -4*f = -3*m + 38. Let z(c) = 4*c**3 + 20*c**2 - 9*c + 33. Let v(g) = g**3 + 5*g**2 - 2*g + 8. Let j(n) = 9*v(n) - 2*z(n). Give j(f).
6
Let u(x) = 19*x + 223. Let s(c) = 5*c + 73. Let a(f) = 7*s(f) - 2*u(f). What is a(22)?
-1
Suppose 43 - 202 = -14*a + 177. Let u(y) = y**2 - 24*y - 5. Calculate u(a).
-5
Suppose -10*q + 124*q = -94*q - 2912. Let s(m) = -2*m**2 - 27*m + 18. Determine s(q).
4
Let a(c) = c - 1. Let k be (-16)/20 + (-48)/(-10). Suppose 0 = -3*m + 8*f - k*f - 214, 4*f - 148 = 2*m. Let w = -61 - m. What is a(w)?
4
Let m(p) be the second derivative of -p**4/12 + 7*p**3/3 - p**2 - 1321*p. Determine m(14).
-2
Let s(h) = 2211*h - 203*h**2 + 205*h**2 + 10 - 2200*h - 24. What is s(-8)?
26
Suppose 3*g - 4 = -0*h + 2*h, -5*h + 5 = 0. Let d(f) be the first derivative of -f**3 + 3*f**2/2 - 2*f - 878. Determine d(g).
-8
Let r(t) be the first derivative of 11*t**2/2 - 11*t - 7348. Calculate r(2).
11
Let n(j) be the third derivative of -7*j**5/60 + 79*j**4/24 - 17*j**3/6 - j**2 - 234. What is n(11)?
5
Let t(r) be the second derivative of 11*r**7/1260 + 119*r**4/12 - r - 21. Let m(i) be the third derivative of t(i). Determine m(-1).
22
Let r(q) = q**3 + q**2 - 5*q + 7. Let k be r(-3). Suppose 0*f + 13 = -3*f + k*c, -2*f - 2 = 4*c. Let g be (6/9*2 + -1)*f. Let j(v) = -12*v**2. What is j(g)?
-12
Let f(i) be the first derivative of 2/3*i**3 - 61 + 1/4*i**4 + 1/2*i**2 + 7*i. Give f(0).
7
Let l(v) = v**3 - 3*v - 9. Let f(g) = 3*g**3 + g**2 - 11*g - 26. Let t(x) = 3*f(x) - 8*l(x). Calculate t(-5).
-11
Let a be (0 + -3)/((-255)/40 - -6) + 0. Let w(g) = -25*g + 197. What is w(a)?
-3
Suppose 172*n + 1364 - 391 = 33*n. Let u(h) = h**2 + 13*h - 2. What is u(n)?
-44
Let z(p) = -89*p**2 + 24*p + 10. Let i(b) = -74*b**2 + 24*b + 13. Let r(x) = -6*i(x) + 5*z(x). Calculate r(-11).
115
Suppose -192*l + 187*l + 15 = 0, -w - l + 7 = 0. Let k(z) = -z. Calculate k(w).
-4
Let q(p) = -3*p + 8. Let r be q(3). Let s be r + 4 + 35 + 5. Let f be (s + -3)/5 - 2. Let n(g) = -g**3 + 5*g**2 + 5*g + 5. Give n(f).
-1
Let r(l) = -34*l**2 - 83*l + 260. Let y(u) = 9*u**2 + 21*u - 65. Let o(s) = -3*r(s) - 11*y(s). Calculate o(-8).
-17
Let l(f) = -2*f**2 + 12*f - 20. Let g(q) = 6*q**2 - 35*q + 57. Let a(n) = -4*g(n) - 11*l(n). Determine a(6).
-32
Let o(d) = -16*d - 32158 + d - 15*d + 32164. Give o(-4).
126
Let n(r) = r**2 - r - 53. Let s(j) = -2*j**2 - 19*j - 17. Let b be s(-9). Give n(b).
19
Let r be 2 - (-554 + 2)/8. Suppose -5*a + x - r = 0, 4*a - 5*x + 64 = 3. Let k(l) = l**2 + 13*l - 11. Calculate k(a).
3
Let z(c) = -3*c**3 + 3*c**2 + 2*c + 7. Let a(w) = 2*w**3 - 2*w**2 - 1. Let v(u) = 2*a(u) + z(u). Calculate v(3).
29
Let i(c) = 5*c**3 + 4*c + 2*c - 1 + 86*c**3 - 4*c - 86*c**3. Let u = 3 - 3. Suppose 4*r + 2*w - w - 1 = u, 5*r - 4*w - 17 = 0. Calculate i(r).
6
Let l(p) = -p**2 + 467*p + 4280. Let o be l(-9). Let n(c) = 2*c**3 + c - 4. Calculate n(o).
-136
Let m be (-5)/(60/(-18))*4. Let f(t) = -m*t**2 + 15*t**3 + 5*t**3 - 21*t**3 + 5 + 1. Calculate f(-6).
6
Let l(m) = -m**2 - 3*m - 11. Let u be l(-5). Let q be (-1)/((-1)/1*(-7)/u). Let b(t) = t**2 - t + 1. Give b(q).
7
Let o(h) = -3*h + 29. Suppose 6 = t + 2*w, -67*t - 15 = -69*t - 5*w. Determine o(t).
29
Let m be (45/(-10))/3 + (-87)/(-2). Suppose -m*b + 2 = -40*b. Let z(y) = 5*y**3 - y**2 + y - 1. Calculate z(b).
4
Let f be ((-35)/(-15) + -2)*(0 + -21). Let x(z) = 5*z**2 - 7*z + 17. Let v(a) = -3*a**2 + 4*a - 9. Let j(i) = f*v(i) - 4*x(i). Calculate j(5).
20
Let f(n) = 31*n + 26. Let t(p) = -11*p - 9. Let w(u) = 6*f(u) + 17*t(u). Suppose k + 6 = 2*y, -1 - 4 = -y. Determine w(k).
-1
Let s(x) = -x**3 - 7*x**2 - 9*x - 15. Let o = 378 - 386. Give s(o).
121
Let h(p) = -p**3 + 4*p**2 + 8*p + 20. Let i = -4387 + 4393. What is h(i)?
-4
Let k(p) = -6*p + 4. Suppose -35 = -5*q - 10. Suppose 5*g + 75 = 9*g + q*s, g + s - 19 = 0. Suppose -m - 24 = -g. Give k(m).
28
Let t(d) = d**2 + 26*d + 44. Let z(r) = 3*r**2 + 84*r + 132. Let s(l) = -7*t(l) + 2*z(l). Give s(-9).
1
Suppose 0 = -5*f + 6 - 18 - 13. Let m(z) = -z**3 - 6*z**2 - 8*z - 7. What is m(f)?
8
Suppose -20*g + 21*g - 25 = 0. Let z = 11 + 11. Let a = z - g. Let o(f) = 2*f + 1. Determine o(a).
-5
Let i(r) = -r + 6. Let k = 91 - 7. Suppose 44*f - k = 30*f. Determine i(f).
0
Let p be (-180 + 181)*(16*1)/(-2). Let u(m) = 3*m**2 + 21*m - 1. Give u(p).
23
Let q(f) = -5*f**3 + 20*f**2 + 22*f - 23. Let m(x) = 14*x**3 - 59*x**2 - 61*x + 65. Let i(w) = 4*m(w) + 11*q(w). Give i(16).
-25
Let p(v) be the second derivative of 1/12*v**4 - 5/2*v**2 + 0 + 0*v**3 - 24*v + 1/20*v**5. What is p(0)?
-5
Let l = -1593 - -1593. Let z(x) = 5*x + 1. Determine z(l).
1
Let c(x) be the second derivative of 1/30*x**5 - 1/6*x**3 + 11*x + 1/120*x**6 - 1/8*x**4 + 12*x**2 + 0. Let i(l) be the first derivative of c(l). Give i(-3).
-1
Suppose 38 - 6 = 8*j. Let y(o) be the first derivative of 1/2*o**2 - 13 + j*o. What is y(-8)?
-4
Let g(k) = -5*k + 2. Let c(t) = 3*t - 32. Suppose -5*v - 3*m + 5*m = -59, 5*v - 63 = 4*m. Let y be c(v). Let z(o) = 1. Let p(n) = y*g(n) - 2*z(n). Give p(2).
-10
Suppose v = u, 0*v - 3 = -5*u + 2*v. Let z(r) = u - 13*r - r**2 - 49*r + 66*r. Determine z(5).
-4
Let n(c) = c**3 - 11*c**2 - c + 16. Let k be 1/((-5)/20) + 50. Let a = k + -35. Let w be n(a). Let f(x) = -2*x + 6. What is f(w)?
-4
Let u(w) = 2*w**3 - 75*w**2 + 124*w - 577. Let a be u(36). Let t(l) = 14*l**3 - 2*l**2 + 3*l + 3. What is t(a)?
-16
Let k(f) = 5*f**2 + 39*f + 4. Let s be k(-6). Let x be -8 + (-330)/s - (-6)/(-10). Let c(q) = q + 2. Give c(x).
0
Let f(g) = g**2 - 7*g + 4. Suppose -5*r + 265 = -140. Let u = -79 + r. Suppose 8*a - 20 = 4*a - u*q, 4*q - 16 = 0. Give f(a).
-8
Suppose 53*j + 18 = 59*j. Let p(l) be the second derivative of l**4/